{"id":3324,"date":"2023-01-05T11:50:41","date_gmt":"2023-01-05T10:50:41","guid":{"rendered":"https:\/\/alexkalcher.de\/wp\/?page_id=3324"},"modified":"2023-02-03T18:06:46","modified_gmt":"2023-02-03T17:06:46","slug":"ueber-mich","status":"publish","type":"page","link":"https:\/\/alexkalcher.de\/wp\/redaktion\/ueber-mich\/","title":{"rendered":"\u00dcber mich"},"content":{"rendered":"\n<p>Meine Begeisterung f\u00fcr Technik in vielen Bereichen des Lebens und mein Interesse am Schreiben von Fach- und Sachtexten sind in meinem Beruf als Technischer Redakteur perfekt kombiniert und bereiten mir jeden Tag Freude.<\/p>\n\n\n\n<p>Mit meinem methodischen Fachwissen schreibe ich journalistische Beitr\u00e4ge, technische Fachartikel und vor allem Technische Dokumentationen, also Bedienungsanleitungen und Gebrauchsanweisungen. Da sich solche Texte l\u00e4ngst nicht mehr auf den Print-Bereich beschr\u00e4nken, gestalte ich ebenfalls elektronische Medien aller Art sowohl technisch als auch inhaltlich und strukturell und erarbeite die grundlegende Konzeption.<\/p>\n\n\n\n<p>Das n\u00f6tige Handwerkszeug ist dabei neben dem sicheren Umgang mit Sprache auch das Erstellen von Grafiken und Fotos, Umgang mit Layoutsoftware einschlie\u00dflich dem n\u00f6tigen Wissen \u00fcber Typografie (Gestalten einer (Druck-)Seite), sowie der Umgang mit modernen Medien, angefangen bei Audio- und Videoproduktion bis hin zu Multimedia- und Webseitengestaltung.<\/p>\n\n\n\n<div style=\"height:84px\" aria-hidden=\"true\" class=\"wp-block-spacer\"><\/div>\n\n\n\n<figure class=\"wp-block-image size-large\"><img loading=\"lazy\" decoding=\"async\" width=\"1024\" height=\"683\" src=\"https:\/\/alexkalcher.de\/wp-content\/uploads\/Ueber-mich-1024x683.jpg\" alt=\"\" class=\"wp-image-3344\" srcset=\"https:\/\/alexkalcher.de\/wp-content\/uploads\/Ueber-mich-1024x683.jpg 1024w, https:\/\/alexkalcher.de\/wp-content\/uploads\/Ueber-mich-300x200.jpg 300w, https:\/\/alexkalcher.de\/wp-content\/uploads\/Ueber-mich-768x512.jpg 768w, https:\/\/alexkalcher.de\/wp-content\/uploads\/Ueber-mich-500x333.jpg 500w, https:\/\/alexkalcher.de\/wp-content\/uploads\/Ueber-mich-800x534.jpg 800w, https:\/\/alexkalcher.de\/wp-content\/uploads\/Ueber-mich-1280x854.jpg 1280w, https:\/\/alexkalcher.de\/wp-content\/uploads\/Ueber-mich.jpg 1345w\" sizes=\"auto, (max-width: 1024px) 100vw, 1024px\" \/><\/figure>\n\n\n\n<figure class=\"wp-block-pullquote\"><blockquote><p>Seit 2021<\/p><cite>Start meines YouTube-Kanals &#8222;Homealex&#8220;. Hier kann ich die Sanierungsarbeiten an unserem Haus mit meiner Begeisterung f\u00fcr Medienprojekte kombinieren und durch meine Tutorials in Sachen energetischer Sanierung meinen kleinen Beitrag gegen den Klimawandel leisten.<\/cite><\/blockquote><\/figure>\n\n\n\n<figure class=\"wp-block-pullquote\"><blockquote><p>Seit 2015, Ende offen<\/p><cite>Heiraten, Haus kaufen, Familie gr\u00fcnden (in der Reihenfolge \ud83d\ude09 ).<\/cite><\/blockquote><\/figure>\n\n\n\n<figure class=\"wp-block-pullquote\"><blockquote><p>Seit 2006 bis heute<\/p><cite>Technischer Redakteur bei ABUS Kransysteme GmbH. Ich erstelle Montage-, Wartungs- und Bedienungsanleitungen f\u00fcr Hallenkrane in Struktur, Wort und Bild, betreue das \u00dcbersetzungsmanagement in 14 Sprachen und k\u00fcmmere mich um s\u00e4mtliche Prozesse der Dokumentationserstellung.<\/cite><\/blockquote><\/figure>\n\n\n\n<figure class=\"wp-block-pullquote\"><blockquote><p>2006 und 2014<\/p><cite>Ver\u00f6ffentlichung meines Buches &#8222;Einstieg in den LKW-Modellbau&#8220; im VTH-Verlag. Eine besondere Herausforderung, alles Wissenswerte von den Grundlagen des Modellbaus bis hin zu anspruchsvollen handwerklichen Arbeitsschritten in einem Grundlagenwerk des Modellbaus zu vereinen.<\/cite><\/blockquote><\/figure>\n\n\n\n<figure class=\"wp-block-pullquote\"><blockquote><p>Zwischen 2002 und 2006<\/p><cite>Praktika und Projekte in allen m\u00f6glichen Bereichen der Industrie: Projektmanager in einer Konstruktionsabteilung in Shunde, China. Technischer Redakteur in verschiedenen Unternehmen in Meinerzhagen und Dortmund. User Experience Designer f\u00fcr Softwareoberfl\u00e4chen in Dorsten und Willich.<\/cite><\/blockquote><\/figure>\n\n\n\n<figure class=\"wp-block-pullquote\"><blockquote><p>2002 bis 2006<\/p><cite>Studiengang &#8222;Journalismus &amp; Technik-Kommunikation&#8220; an der FH Gelsenkirchen (heute Westf\u00e4lische Hochschule). Hier habe ich viele meiner methodischen Grundlagen gelernt und erfahren, dass ich meine journalistischen F\u00e4higkeiten und meine Technik-Begeisterung in einem Beruf kombinieren kann.<\/cite><\/blockquote><\/figure>\n\n\n\n<figure class=\"wp-block-pullquote\"><blockquote><p>Seit 2001 bis heute<\/p><cite>Freier Redakteur bei der Modellbau-Fachzeitschrift &#8222;TRUCKmodell&#8220; im Verlag f\u00fcr Technik und Handwerk, Baden-Baden. \u00dcber 70 Fachartikel und Produkttests aus dem Bereich der ferngesteuerten Funktionsmodelle sind hier entstanden.<\/cite><\/blockquote><\/figure>\n\n\n\n<figure class=\"wp-block-pullquote\"><blockquote><p>1997 bis 2002<\/p><cite>Freier Redakteur bei der &#8222;Westf\u00e4lischen Rundschau&#8220; in der Lokalredaktion. Hunderte Artikel \u00fcber das Geschehen in meiner Heimat im Sauerland sind in dieser Zeit entstanden.<\/cite><\/blockquote><\/figure>\n\n\n\n<figure class=\"wp-block-pullquote\"><blockquote><p>Seit 1999 bis heute<\/p><cite>Ehrenamtlicher Helfer beim Deutschen Roten Kreuz, seit 2006 auch in verschiedenen Leitungs- und F\u00fchrungspositionen. Durch die \u00d6ffentlichkeitsarbeit f\u00fcr unserer Hilfsorganisation habe ich zudem unsere Projekte in Zeitung, Radio und Fernsehen publik gemacht.<\/cite><\/blockquote><\/figure>\n","protected":false},"excerpt":{"rendered":"<p>Meine Begeisterung f\u00fcr Technik in vielen Bereichen des Lebens und mein Interesse am Schreiben von Fach- und Sachtexten sind in meinem Beruf als Technischer Redakteur perfekt kombiniert und bereiten mir jeden Tag Freude. Mit meinem methodischen Fachwissen schreibe ich journalistische Beitr\u00e4ge, technische Fachartikel und vor allem Technische Dokumentationen, also Bedienungsanleitungen und Gebrauchsanweisungen. Da sich solche&#8230; <\/p>\n","protected":false},"author":1,"featured_media":0,"parent":565,"menu_order":0,"comment_status":"closed","ping_status":"closed","template":"","meta":{"_vp_format_video_url":"","_vp_image_focal_point":[],"footnotes":""},"class_list":["post-3324","page","type-page","status-publish","hentry"],"wp-worthy-pixel":{"ignored":false,"public":null,"server":null,"url":null},"wp-worthy-type":"normal","_links":{"self":[{"href":"https:\/\/alexkalcher.de\/wp\/wp-json\/wp\/v2\/pages\/3324","targetHints":{"allow":["GET"]}}],"collection":[{"href":"https:\/\/alexkalcher.de\/wp\/wp-json\/wp\/v2\/pages"}],"about":[{"href":"https:\/\/alexkalcher.de\/wp\/wp-json\/wp\/v2\/types\/page"}],"author":[{"embeddable":true,"href":"https:\/\/alexkalcher.de\/wp\/wp-json\/wp\/v2\/users\/1"}],"replies":[{"embeddable":true,"href":"https:\/\/alexkalcher.de\/wp\/wp-json\/wp\/v2\/comments?post=3324"}],"version-history":[{"count":9,"href":"https:\/\/alexkalcher.de\/wp\/wp-json\/wp\/v2\/pages\/3324\/revisions"}],"predecessor-version":[{"id":3353,"href":"https:\/\/alexkalcher.de\/wp\/wp-json\/wp\/v2\/pages\/3324\/revisions\/3353"}],"up":[{"embeddable":true,"href":"https:\/\/alexkalcher.de\/wp\/wp-json\/wp\/v2\/pages\/565"}],"wp:attachment":[{"href":"https:\/\/alexkalcher.de\/wp\/wp-json\/wp\/v2\/media?parent=3324"}],"curies":[{"name":"wp","href":"https:\/\/api.w.org\/{rel}","templated":true}]}}

Über mich

<p>Meine Begeisterung für Technik in vielen Bereichen des Lebens und mein Interesse am Schreiben von Fach- und Sachtexten sind in meinem Beruf als Technischer Redakteur perfekt kombiniert und bereiten mir jeden Tag Freude.</p>



<p>Mit meinem methodischen Fachwissen schreibe ich journalistische Beiträge, technische Fachartikel und vor allem Technische Dokumentationen, also Bedienungsanleitungen und Gebrauchsanweisungen. Da sich solche Texte längst nicht mehr auf den Print-Bereich beschränken, gestalte ich ebenfalls elektronische Medien aller Art sowohl technisch als auch inhaltlich und strukturell und erarbeite die grundlegende Konzeption.</p>



<p>Das nötige Handwerkszeug ist dabei neben dem sicheren Umgang mit Sprache auch das Erstellen von Grafiken und Fotos, Umgang mit Layoutsoftware einschließlich dem nötigen Wissen über Typografie (Gestalten einer (Druck-)Seite), sowie der Umgang mit modernen Medien, angefangen bei Audio- und Videoproduktion bis hin zu Multimedia- und Webseitengestaltung.</p>



<div style="height:84px" aria-hidden="true" class="wp-block-spacer"></div>



<figure class="wp-block-image size-large"><img loading="lazy" decoding="async" width="1024" height="683" src="https://alexkalcher.de/wp-content/uploads/Ueber-mich-1024x683.jpg" alt="" class="wp-image-3344" srcset="https://alexkalcher.de/wp-content/uploads/Ueber-mich-1024x683.jpg 1024w, https://alexkalcher.de/wp-content/uploads/Ueber-mich-300x200.jpg 300w, https://alexkalcher.de/wp-content/uploads/Ueber-mich-768x512.jpg 768w, https://alexkalcher.de/wp-content/uploads/Ueber-mich-500x333.jpg 500w, https://alexkalcher.de/wp-content/uploads/Ueber-mich-800x534.jpg 800w, https://alexkalcher.de/wp-content/uploads/Ueber-mich-1280x854.jpg 1280w, https://alexkalcher.de/wp-content/uploads/Ueber-mich.jpg 1345w" sizes="auto, (max-width: 1024px) 100vw, 1024px" /></figure>



<figure class="wp-block-pullquote"><blockquote><p>Seit 2021</p><cite>Start meines YouTube-Kanals &#8222;Homealex&#8220;. Hier kann ich die Sanierungsarbeiten an unserem Haus mit meiner Begeisterung für Medienprojekte kombinieren und durch meine Tutorials in Sachen energetischer Sanierung meinen kleinen Beitrag gegen den Klimawandel leisten.</cite></blockquote></figure>



<figure class="wp-block-pullquote"><blockquote><p>Seit 2015, Ende offen</p><cite>Heiraten, Haus kaufen, Familie gründen (in der Reihenfolge 😉 ).</cite></blockquote></figure>



<figure class="wp-block-pullquote"><blockquote><p>Seit 2006 bis heute</p><cite>Technischer Redakteur bei ABUS Kransysteme GmbH. Ich erstelle Montage-, Wartungs- und Bedienungsanleitungen für Hallenkrane in Struktur, Wort und Bild, betreue das Übersetzungsmanagement in 14 Sprachen und kümmere mich um sämtliche Prozesse der Dokumentationserstellung.</cite></blockquote></figure>



<figure class="wp-block-pullquote"><blockquote><p>2006 und 2014</p><cite>Veröffentlichung meines Buches &#8222;Einstieg in den LKW-Modellbau&#8220; im VTH-Verlag. Eine besondere Herausforderung, alles Wissenswerte von den Grundlagen des Modellbaus bis hin zu anspruchsvollen handwerklichen Arbeitsschritten in einem Grundlagenwerk des Modellbaus zu vereinen.</cite></blockquote></figure>



<figure class="wp-block-pullquote"><blockquote><p>Zwischen 2002 und 2006</p><cite>Praktika und Projekte in allen möglichen Bereichen der Industrie: Projektmanager in einer Konstruktionsabteilung in Shunde, China. Technischer Redakteur in verschiedenen Unternehmen in Meinerzhagen und Dortmund. User Experience Designer für Softwareoberflächen in Dorsten und Willich.</cite></blockquote></figure>



<figure class="wp-block-pullquote"><blockquote><p>2002 bis 2006</p><cite>Studiengang &#8222;Journalismus &amp; Technik-Kommunikation&#8220; an der FH Gelsenkirchen (heute Westfälische Hochschule). Hier habe ich viele meiner methodischen Grundlagen gelernt und erfahren, dass ich meine journalistischen Fähigkeiten und meine Technik-Begeisterung in einem Beruf kombinieren kann.</cite></blockquote></figure>



<figure class="wp-block-pullquote"><blockquote><p>Seit 2001 bis heute</p><cite>Freier Redakteur bei der Modellbau-Fachzeitschrift &#8222;TRUCKmodell&#8220; im Verlag für Technik und Handwerk, Baden-Baden. Über 70 Fachartikel und Produkttests aus dem Bereich der ferngesteuerten Funktionsmodelle sind hier entstanden.</cite></blockquote></figure>



<figure class="wp-block-pullquote"><blockquote><p>1997 bis 2002</p><cite>Freier Redakteur bei der &#8222;Westfälischen Rundschau&#8220; in der Lokalredaktion. Hunderte Artikel über das Geschehen in meiner Heimat im Sauerland sind in dieser Zeit entstanden.</cite></blockquote></figure>



<figure class="wp-block-pullquote"><blockquote><p>Seit 1999 bis heute</p><cite>Ehrenamtlicher Helfer beim Deutschen Roten Kreuz, seit 2006 auch in verschiedenen Leitungs- und Führungspositionen. Durch die Öffentlichkeitsarbeit für unserer Hilfsorganisation habe ich zudem unsere Projekte in Zeitung, Radio und Fernsehen publik gemacht.</cite></blockquote></figure>

<p>Meine Begeisterung für Technik in vielen Bereichen des Lebens und mein Interesse am Schreiben von Fach- und Sachtexten sind in meinem Beruf als Technischer Redakteur perfekt kombiniert und bereiten mir jeden Tag Freude. Mit meinem methodischen Fachwissen schreibe ich journalistische Beiträge, technische Fachartikel und vor allem Technische Dokumentationen, also Bedienungsanleitungen und Gebrauchsanweisungen. Da sich solche&#8230; </p>
